{"id":1626,"date":"2025-05-12T07:57:35","date_gmt":"2025-05-12T05:57:35","guid":{"rendered":"https:\/\/123jouer.fr\/?post_type=product&#038;p=1626"},"modified":"2025-11-30T09:19:53","modified_gmt":"2025-11-30T08:19:53","slug":"la-betise-de-stutch","status":"publish","type":"product","link":"https:\/\/123jouer.fr\/index.php\/produit\/la-betise-de-stutch\/","title":{"rendered":"La b\u00eatise de Stutch"},"content":{"rendered":"<p>Stutch a fait une grosse b\u00eatise, il a jou\u00e9 avec une machine folle du futur.<\/p>\n<p>Le c\u0153ur d&rsquo;aloha s&rsquo;est bris\u00e9 en cinq morceaux, du coup la ville d&rsquo;Aloha est toute triste.<br \/>\nSeuls de vrais aventuriers pourront l\u2019aider \u00e0 rassembler de nouveau le c\u0153ur d&rsquo;Aloha.<br \/>\nSoyez les h\u00e9ros de cette chasse au tr\u00e9sor m\u00ealant \u00e9preuves et \u00e9nigmes.<\/p>\n<p>&nbsp;<\/p>\n<p>D\u00e9tail :<br \/>\nTemps de pr\u00e9paration : Environ 10 minutes<br \/>\nTemps de jeu : Environ 1 heure<br \/>\nLieu : Ext\u00e9rieur et int\u00e9rieur<br \/>\nPublic : Jeu mixte<br \/>\nParticipants : 1 \u00e0 12 joueuses<br \/>\nMat\u00e9riel : Ballons de baudruche, spaghettis, pailles, assiettes jetables, 1 objet bleu, 1 jouet, 1 enveloppe, 1 trombone<\/p>\n<p>&nbsp;<\/p>\n<p>Contenu du fichier PDF :<br \/>\n\u2022 2 pages d\u2019explications pour l\u2019organisateur<\/p>\n<p>\u2022 1 page avec la lettre de Stutch<\/p>\n<p>\u2022 2 pages avec le tableau organisateur: \u00e9preuves<\/p>\n<p>\u2022 1 page avec le message de Stutch et le puzzle<\/p>\n<p>\u2022 1 page avec le tableau organisateur: indices<\/p>\n<p>\u2022 2 pages d\u2019indices<\/p>\n<p>\u2022 1 page avec le coloriage<\/p>\n<p>\u2022 1 page avec les dipl\u00f4mes<\/p>\n","protected":false},"excerpt":{"rendered":"<p>Stutch a fait une grosse b\u00eatise, il a jou\u00e9 avec une machine folle du futur. Le c\u0153ur d&rsquo;aloha s&rsquo;est bris\u00e9 en cinq morceaux, du coup la ville d&rsquo;Aloha est toute triste. Seuls de vrais aventuriers pourront l\u2019aider \u00e0 rassembler de nouveau le c\u0153ur d&rsquo;Aloha. Soyez les h\u00e9ros de cette chasse au tr\u00e9sor m\u00ealant \u00e9preuves et [&hellip;]<\/p>\n","protected":false},"featured_media":1624,"template":"","meta":[],"product_brand":[],"product_cat":[17],"product_tag":[],"class_list":{"0":"post-1626","1":"product","2":"type-product","3":"status-publish","4":"has-post-thumbnail","6":"product_cat-chasses-au-tresor-6-a-8-ans","8":"first","9":"instock","10":"downloadable","11":"virtual","12":"purchasable","13":"product-type-simple"},"aioseo_notices":[],"_links":{"self":[{"href":"https:\/\/123jouer.fr\/index.php\/wp-json\/wp\/v2\/product\/1626","targetHints":{"allow":["GET"]}}],"collection":[{"href":"https:\/\/123jouer.fr\/index.php\/wp-json\/wp\/v2\/product"}],"about":[{"href":"https:\/\/123jouer.fr\/index.php\/wp-json\/wp\/v2\/types\/product"}],"wp:featuredmedia":[{"embeddable":true,"href":"https:\/\/123jouer.fr\/index.php\/wp-json\/wp\/v2\/media\/1624"}],"wp:attachment":[{"href":"https:\/\/123jouer.fr\/index.php\/wp-json\/wp\/v2\/media?parent=1626"}],"wp:term":[{"taxonomy":"product_brand","embeddable":true,"href":"https:\/\/123jouer.fr\/index.php\/wp-json\/wp\/v2\/product_brand?post=1626"},{"taxonomy":"product_cat","embeddable":true,"href":"https:\/\/123jouer.fr\/index.php\/wp-json\/wp\/v2\/product_cat?post=1626"},{"taxonomy":"product_tag","embeddable":true,"href":"https:\/\/123jouer.fr\/index.php\/wp-json\/wp\/v2\/product_tag?post=1626"}],"curies":[{"name":"wp","href":"https:\/\/api.w.org\/{rel}","templated":true}]}}