{"id":488,"date":"2023-05-15T18:35:34","date_gmt":"2023-05-15T16:35:34","guid":{"rendered":"https:\/\/123jouer.fr\/?post_type=product&#038;p=488"},"modified":"2026-01-06T14:17:41","modified_gmt":"2026-01-06T13:17:41","slug":"la-malediction-des-maoris","status":"publish","type":"product","link":"https:\/\/123jouer.fr\/index.php\/produit\/la-malediction-des-maoris\/","title":{"rendered":"Mal\u00e9diction des Maoris"},"content":{"rendered":"<p>Les Maoris sont un ancien peuple encore peu connu.<br \/>\nAlors restez sur vos gardes, m\u00e9fiez-vous de toutes et de tous si vous d\u00e9cidez de vous lancer dans cette aventure. La mal\u00e9diction vous guette \u00e0 chaque coin de rue !<br \/>\nSerez-vous assez filous pour d\u00e9jouer les pi\u00e8ges et retrouver le tr\u00e9sor des Maoris ?<\/p>\n<p>&nbsp;<\/p>\n<p>D\u00e9tail :<br \/>\nTemps de pr\u00e9paration : Environ 15 minutes<br \/>\nTemps de jeu : Environ 1 heure<br \/>\nLieu : Ext\u00e9rieur<br \/>\nPublic : Filles et gar\u00e7ons<br \/>\nParticipants : 4 \u00e0 16 joueurs<br \/>\nMat\u00e9riel : Ciseaux, p\u00e2te \u00e0 fixe, 1 livre, adh\u00e9sifs<\/p>\n<p>&nbsp;<\/p>\n<p>Contenu du fichier PDF :<br \/>\n\u2022 2 pages explicatives pour l\u2019organisateur<\/p>\n<p>\u2022 1 tableau pour l\u2019organisateur<\/p>\n<p>\u2022 L\u2019extrait du carnet de bord du grand oncle<\/p>\n<p>\u2022 4 pages d\u2019indices<\/p>\n<p>\u2022 Codes pour d\u00e9crypter le lieu du tr\u00e9sor<\/p>\n<p>\u2022 Les dipl\u00f4mes<\/p>\n<p>&nbsp;<\/p>\n","protected":false},"excerpt":{"rendered":"<p>Les Maoris sont un ancien peuple encore peu connu. Alors restez sur vos gardes, m\u00e9fiez-vous de toutes et de tous si vous d\u00e9cidez de vous lancer dans cette aventure. La mal\u00e9diction vous guette \u00e0 chaque coin de rue ! Serez-vous assez filous pour d\u00e9jouer les pi\u00e8ges et retrouver le tr\u00e9sor des Maoris ? &nbsp; D\u00e9tail [&hellip;]<\/p>\n","protected":false},"featured_media":1119,"template":"","meta":[],"product_brand":[],"product_cat":[18],"product_tag":[],"class_list":{"0":"post-488","1":"product","2":"type-product","3":"status-publish","4":"has-post-thumbnail","6":"product_cat-chasses-au-tresor-9-a-12-ans","8":"first","9":"instock","10":"downloadable","11":"virtual","12":"purchasable","13":"product-type-simple"},"aioseo_notices":[],"_links":{"self":[{"href":"https:\/\/123jouer.fr\/index.php\/wp-json\/wp\/v2\/product\/488","targetHints":{"allow":["GET"]}}],"collection":[{"href":"https:\/\/123jouer.fr\/index.php\/wp-json\/wp\/v2\/product"}],"about":[{"href":"https:\/\/123jouer.fr\/index.php\/wp-json\/wp\/v2\/types\/product"}],"wp:featuredmedia":[{"embeddable":true,"href":"https:\/\/123jouer.fr\/index.php\/wp-json\/wp\/v2\/media\/1119"}],"wp:attachment":[{"href":"https:\/\/123jouer.fr\/index.php\/wp-json\/wp\/v2\/media?parent=488"}],"wp:term":[{"taxonomy":"product_brand","embeddable":true,"href":"https:\/\/123jouer.fr\/index.php\/wp-json\/wp\/v2\/product_brand?post=488"},{"taxonomy":"product_cat","embeddable":true,"href":"https:\/\/123jouer.fr\/index.php\/wp-json\/wp\/v2\/product_cat?post=488"},{"taxonomy":"product_tag","embeddable":true,"href":"https:\/\/123jouer.fr\/index.php\/wp-json\/wp\/v2\/product_tag?post=488"}],"curies":[{"name":"wp","href":"https:\/\/api.w.org\/{rel}","templated":true}]}}